 What is m(8)?
10
Let c(b) = -b**2 + 67*b - 569. What is c(10)?
1
Let k(c) = -41*c**3 - c**2 + 2*c + 2. Calculate k(-1).
40
Let l(o) = 6*o + 20. Calculate l(-19).
-94
Let b(z) = -2*z**3 - z**2 + 5*z - 4. Give b(1).
-2
Let r(i) = -5*i + 43. Determine r(7).
8
Let x(i) = 6*i + 1. What is x(-1)?
-5
Let z(l) = l**3 + l**2 - 3*l - 10. Determine z(-4).
-46
Let c(v) = -8*v - 47. Give c(-6).
1
Let o(l) = 3*l - 15. Determine o(5).
0
Let h(q) = -2*q**3 + 3*q**2 - 4*q + 3. Determine h(3).
-36
Let u(d) = -51*d - 3. Calculate u(-2).
99
Let t(d) = 5*d - 89. Determine t(20).
11
Let j(s) = -s**2 + 15*s - 45. What is j(5)?
5
Let o(d) = d**2 + 11*d + 26. Give o(-5).
-4
Let s(j) = -j**3 - 18*j**2 - 59*j - 11. What is s(-14)?
31
Let v(t) = t**3 - 7*t**2 - 16*t + 5. Calculate v(9).
23
Let k(w) = w**2 + 12*w + 14. Give k(-11).
3
Let r(d) = 2*d + 2. Calculate r(-3).
-4
Let p(h) = h**2 + 52*h - 217. Give p(-56).
7
Let g(o) = o**3 + 4*o**2 - 3*o + 11. What is g(-5)?
1
Let b(i) = i**2 - 27*i - 125. What is b(31)?
-1
Let g(y) = 2*y**3 - 16*y**2 + 12*y + 2. Determine g(7).
-12
Let m(o) = -o + 41. Determine m(28).
13
Let w(s) = -98*s + 2352. Calculate w(24).
0
Let r(n) = n**2 - 2*n + 7. What is r(3)?
10
Let u(t) = -t + 3. What is u(9)?
-6
Let d(p) = -3*p + 19. What is d(6)?
1
Let u(z) = 4*z + 39. Calculate u(-10).
-1
Let r(s) = -2*s**2 - 5*s - 6. What is r(-4)?
-18
Let h(v) = -v**2 + 16*v + 25. Calculate h(19).
-32
Let v(n) = n + 3. Give v(11).
14
Let k(z) = 2*z - 6. What is k(4)?
2
Let w(b) = -b**2 - 3*b + 1. What is w(-3)?
1
Let s(i) = i**3 - 16*i**2 - 21*i + 15. Determine s(17).
-53
Let t(m) = -m**2 - 27*m - 129. What is t(-21)?
-3
Let m(q) = q**3 - 15*q**2 - q + 16. Determine m(15).
1
Let b(q) = -6*q**2 - 3. Determine b(-2).
-27
Let z(v) = v**3 - 11*v**2 + 13*v - 37. Give z(9).
-82
Let k(t) = t**3 - 4*t**2 + 5*t + 1. Calculate k(4).
21
Let b(l) = -7*l - 3. Give b(6).
-45
Let v(s) = -s**3 - 8*s**2 - 2*s + 17. Calculate v(-7).
-18
Let d(p) = 4*p**2 - 2*p - 2. Determine d(3).
28
Let z(s) = -2*s**2 + 11*s - 9. Calculate z(5).
-4
Let r(d) = -d**3 + d**2 - d - 43. Determine r(0).
-43
Let g(y) = y**3 + 11*y**2 - 9*y + 1. Give g(-12).
-35
Let m(k) = k**3 - 5*k**2 - k - 20. Calculate m(6).
10
Let q(a) = -6*a - 14. What is q(3)?
-32
Let t(a) = a**2 + 6*a - 8. Give t(-6).
-8
Let q(x) = -x**2 - 12*x - 30. Calculate q(-8).
2
Let q(v) = -v**3 + 6*v**2 + 6*v - 2. Give q(7).
-9
Let x(w) = 50*w - 6. Calculate x(-1).
-56
Let j(c) = c**3 - 12*c**2 + 2*c - 18. Calculate j(12).
6
Let d(q) = -13*q**3 + 2*q + 1. Calculate d(-1).
12
Let z(x) = x**2 + 16*x - 33. Calculate z(-18).
3
Let q(f) = f**2 - 6*f + 4. Determine q(6).
4
Let k(u) = -8*u**2 - 6*u + 6. Determine k(1).
-8
Let v(m) = -2*m**2 - 3*m - 1. Give v(-3).
-10
Let d(v) = v**3 + v**2 - 4*v + 3. What is d(1)?
1
Let t(y) = -y**3 - 6*y**2 - 12*y - 7. Calculate t(-4).
9
Let g(z) = z**3 - 13*z**2 + 2*z - 31. Determine g(13).
-5
Let b(q) = -4*q**2 - 5*q - 3. Determine b(-2).
-9
Let g(j) = j**3 - 10*j**2 - j + 34. Determine g(10).
24
Let b(v) = -v**3 - 6*v**2 + v - 3. Calculate b(-3).
-33
Let m(y) = y**2 + 4*y - 21. Give m(4).
11
Let z(y) = -21*y + 1. What is z(-1)?
22
Let f(p) = -25*p - 4. What is f(-2)?
46
Let f(j) = 2*j**2 + 14*j - 14. Give f(1).
2
Let z(d) = 5*d + 8. Determine z(-4).
-12
Let j(w) = w - 14. Determine j(9).
-5
Let m(x) = 48*x + 1. Determine m(-1).
-47
Let z(t) = 3*t - 146. Give z(38).
-32
Let q(z) = -z**2 - z + 2. Determine q(4).
-18
Let x(w) = -w**2 + 53*w + 172. What is x(-3)?
4
Let k(w) = -4*w + 15. Give k(-10).
55
Let g(d) = -d**3 + d**2 - 62. Calculate g(0).
-62
Let f(c) = 12*c - 66. What is f(5)?
-6
Let p(b) = b**2 - b + 4. What is p(-2)?
10
Let m(u) = 9*u**3 + 2*u**2 - 3*u + 2. Determine m(1).
10
Let h(u) = 2*u**2 + 22*u - 19. Determine h(-14).
65
Let y(k) = -k**3 - 6*k**2 + 3*k + 5. What is y(-6)?
-13
Let l(m) = -9*m**2 + 3*m. What is l(2)?
-30
Let m(d) = 2*d + 2. Give m(3).
8
Let a(t) = -6*t + 19. Determine a(0).
19
Let d(o) = o**3 - 9*o**2 - 6*o + 20. Determine d(9).
-34
Let b(w) = 313*w - 1881. Determine b(6).
-3
Let j(t) = -2*t + 14. Give j(10).
-6
Let j(r) = 3*r - 22. Give j(8).
2
Let b(g) = -6*g - 285. Determine b(-45).
-15
Let k(p) = -2*p**3 - 2*p**2 + p + 1. Determine k(-2).
7
Let k(o) = o - 5. Calculate k(1).
-4
Let z(b) = -4*b + 14. What is z(12)?
-34
Let m(y) = y**2 + 8*y + 2. Determine m(-8).
2
Let l(s) = -s**3 - 4*s**2 + 2*s + 7. What is l(-3)?
-8
Let g(u) = u - 28. Give g(7).
-21
Let g(v) = 2*v**3 + v**2 - 3*v + 13. Determine g(3).
67
Let v(q) = q**2 + 16*q + 27. Calculate v(-14).
-1
Let x(h) = -32*h + 3. Give x(-2).
67
Let u(t) = t**2 - 11*t + 17. Determine u(6).
-13
Let n(g) = 4*g - 4. What is n(8)?
28
Let h(l) = 9*l**3 + 2*l**2 + 2*l + 1. Determine h(-1).
-8
Let y(m) = m**3 - m**2 - m + 2. Determine y(3).
17
Let p(s) = -9*s - 7. Calculate p(-2).
11
Let i(t) = t**3 - 14*t**2 + 13*t - 6. Calculate i(13).
-6
Let h(s) = -s**3 - 2*s**2 - 2*s - 4. Give h(-3).
11
Let i(g) = -52*g + 154. Determine i(3).
-2
Let y(n) = -n - 2. Determine y(8).
-10
Let o(v) = -v**2 + 27*v - 42. Calculate o(27).
-42
Let r(q) = -3*q - 1. Give r(-2).
5
Let q(p) = 2*p**2 + 35*p - 20. Give q(-20).
80
Let g(l) = -8*l + 5. Calculate g(6).
-43
Let n(b) = -b**3 + 8*b**2 + 3*b - 5. Determine n(7).
65
Let h(v) = 18*v - 163. Calculate h(9).
-1
Let j(y) = y**3 + 16*y**2 - 10*y + 91. Give j(-17).
-28
Let y(g) = -19*g**3 - 4*g**2 + 7*g - 2. Calculate y(1).
-18
Let q(y) = -y**3 + y**2 + 4*y + 1. Calculate q(4).
-31
Let c(k) = -2*k + 42. Determine c(21).
0
Let g(o) = -13*o**2 + 12*o - 8. Determine g(4).
-168
Let k(m) = m**3 - 9*m**2 - 3*m - 5. Give k(10).
65
Let s(f) = f + 15. What is s(-11)?
4
Let g(u) = -u**3 - u**2 - u + 2. Calculate g(0).
2
Let p(q) = -q + 7. What is p(6)?
1
Let j(d) = d**3 - 14*d**2 + 9*d + 17. Give j(13).
-35
Let x(w) = w**3 - 22*w**2 + 21*w + 7. What is x(21)?
7
Let l(x) = -2*x + 13. Give l(6).
1
Let d(l) = -8*l**3 - 3*l**2. Give d(-2).
52
Let q(d) = 27*d. Calculate q(1).
27
Let l(p) = 2*p**2 + 28*p + 17. What is l(-13)?
-9
Let v(i) = i**3 + 10*i**2 + 6*i + 37. Calculate v(-9).
64
Let d(p) = -p**3 + 8*p**2 - p - 13. Give d(7).
29
Let n(h) = -3*h**2 + 96*h - 183. Calculate n(2).
-3
Let z(k) = k**3 - 17*k**2 - 35*k - 47. Give z(19).
10
Let b(c) = -2*c**2 - 19*c - 33. What is b(-7)?
2
Let h(a) = -a**2 + 15*a + 28. What is h(14)?
42
Let z(n) = 2*n**3 - 13*n**2 - 3*n - 43. Calculate z(7).
-15
Let w(u) = -u**3 + 5*u**2 - 3*u - 7. Give w(4).
-3
Let g(s) = s**3 + 3*s**2 + 4*s + 2. Give g(-1).
0
Let f(t) = t + 1. Calculate f(1).
2
Let c(r) = r**3 - 8*r**2 - 8*r - 8. Determine c(9).
1
Let j(f) = -f**3 - 24*f**2 - 131*f + 33. What is j(-9)?
-3
Let l(q) = 9*q - 78. What is l(8)?
-6
Let j(o) = -o**2 - 33*o + 391. What is j(-42)?
13
Let l(j) = j**3 + 16*j**2 - 36*j + 14. Give l(-18).
14
Let n(w) = 2*w + 27. What is n(-11)?
5
Let y(g) = -3*g - 31. Calculate y(-21).
32
Let s(m) = m**2 - 11*m + 22. What is s(10)?
12
Let y(z) = 4*z - 20. Determine y(5).
0
Let l(a) = a - 6. What is l(14)?
8
Let g(k) = -k**3 + 3*k**2 + 6*k - 5. Determine g(4).
3
Let l(g) = 2*g**2 - 4*g - 1. Determine l(3).
5
Let m(s) = -2*s**2 - 2*s - 2. What is m(-2)?
-6
Let u(x) = 37*x + 182. What is u(-5)?
-3
Let k(i) = i**2 - 12*i + 9. Give k(8).
-23
Let c(p) = 11*p - 58. What is c(6)?
8
Let o(n) = n - 4. Determine o(7).
3
Let j(n) = n**3 - 17*n**2 - 3*n + 38. What is j(17)?
-13
Let t(l) = -4*l - 45. Determine t(-13).
7
Let v(m) = m**2 - 8*m - 78. Calculate v(-8).
50
Let v(f) = 51*f + 308. Determine v(-6).
2
Let z(o) = -4*o + 4. Determine z(9).
-32
Let i(b) = 6*b**2 + 51*b + 17. Determine i(-8).
-7
Let z(h) = 33*h**2 + h. Give z(1).
34
Let o(v) = -v**3 + 4*v**2 + 43*v + 6. Calculate o(9).
-12
Let n(i) = -i**3 + 2*i**2 + 6*i - 5. Determine n(4).
-13
Let g(c) = -c**3 + 15*c**2 - 13*c - 16. Calculate g(14).
-2
Let l(y) = -y**3 - 5*y**2 + 4*y + 1. Calculate l(-6).
13
Let l(x) = x**3 + 5*x**2 - x + 6. Calculate l(-5).
11
Let t(u) = u - 16. Determine t(12).
-4
Let l(g) = g**2 + g - 242. Calculate l(-16).
-2
Let l(v) = -v**2 + 14*v - 12. Determine l(7).
37
Let d(h) = 3*h**2 - 9*h - 17. Determine d(5).
13
Let w(d) = -2*d**3 - d - 2. What is w(-1)?
1
Let s(z) = z**3 - 2*z - 3. Calculate s(2).
1
Let a(r) = -r - 3. What is a(-6)?
3
Let g(l) = 2*l**2 + 8*l + 15. Determine g(-4